{"id":1162,"date":"2018-12-03T08:14:06","date_gmt":"2018-12-03T08:14:06","guid":{"rendered":"http:\/\/ernteverein-markelsbach.de\/?page_id=1162"},"modified":"2026-08-17T16:26:40","modified_gmt":"2026-08-17T16:26:40","slug":"neues-aktuelles","status":"publish","type":"page","link":"https:\/\/ernteverein-markelsbach.de\/?page_id=1162","title":{"rendered":"Neues\/Aktuelles"},"content":{"rendered":"<p>[et_pb_section fb_built=&#8220;1&#8243; fullwidth=&#8220;on&#8220; custom_padding_last_edited=&#8220;on|desktop&#8220; _builder_version=&#8220;3.22&#8243; custom_padding_tablet=&#8220;50px|0|50px|0&#8243; custom_padding_phone=&#8220;&#8220; transparent_background=&#8220;off&#8220; padding_mobile=&#8220;off&#8220; make_fullwidth=&#8220;off&#8220; use_custom_width=&#8220;off&#8220; width_unit=&#8220;on&#8220; global_colors_info=&#8220;{}&#8220;][et_pb_fullwidth_image _builder_version=&#8220;4.14.8&#8243; _module_preset=&#8220;default&#8220; global_colors_info=&#8220;{}&#8220;][\/et_pb_fullwidth_image][\/et_pb_section][et_pb_section fb_built=&#8220;1&#8243; _builder_version=&#8220;4.14.8&#8243; _module_preset=&#8220;default&#8220; global_colors_info=&#8220;{}&#8220;][et_pb_row column_structure=&#8220;1_2,1_2&#8243; _builder_version=&#8220;4.14.8&#8243; _module_preset=&#8220;default&#8220; global_colors_info=&#8220;{}&#8220;][et_pb_column type=&#8220;1_2&#8243; _builder_version=&#8220;4.14.8&#8243; _module_preset=&#8220;default&#8220; global_colors_info=&#8220;{}&#8220;][et_pb_text _builder_version=&#8220;4.14.8&#8243; _module_preset=&#8220;default&#8220; hover_enabled=&#8220;0&#8243; global_colors_info=&#8220;{}&#8220; sticky_enabled=&#8220;0&#8243;]<\/p>\n<h2><strong><span style=\"color: #808080;\">Erntefest in Markelsbach am 21. und 23. August<\/span><\/strong><\/h2>\n<p>Schon seit einer Woche dreht sich die Kuh im Kreisel, jetzt ist es bald soweit, Markelsbach er\u00f6ffnet den Reigen der Erntefeste in Much und Umgebung am Freitag mit seiner Q-Party und am Sonntag mit dem Festkommers und anschlie\u00dfenden Familientag.<span class=\"Apple-converted-space\">\u00a0<\/span><\/p>\n<p>Los geht\u00b4s am Sonntag den 23. August um 10 Uhr mit dem Gottesdienst, ab 11 Uhr beginnt der Festkommers und gegen 14 Uhr startet der Familientag mit einem bunten Programm. Auch f\u00fcr die Kinder gibt es jede Menge Spiel und Spa\u00df. Neben einer H\u00fcpfburg, einem Spielemobil, Popcorn und Kinderschminken wird vor allem eine Clownin die Kinder wieder verzaubern und sie bringt diesmal auch ein Kasperletheater mit.<\/p>\n<p>Es wird auch einige Ehrungen geben. Hervorzuheben ist die Ehrung von 8 Frauen, die vor 25 Jahren die Gelegenheit ergriffen endlich Mitglied im Ernteverein werden zu d\u00fcrfen. Davor war das nicht m\u00f6glich, obwohl ihre Mithilfe immer gerne angenommen wurde.<\/p>\n<p>F\u00fcr den Vorstand<\/p>\n<p>Sabine vom Scheidt<\/p>\n<p>[\/et_pb_text][\/et_pb_column][et_pb_column type=&#8220;1_2&#8243; _builder_version=&#8220;4.14.8&#8243; _module_preset=&#8220;default&#8220; global_colors_info=&#8220;{}&#8220;][et_pb_image src=&#8220;http:\/\/ernteverein-markelsbach.de\/wp-content\/uploads\/2026\/08\/Unknown.jpeg&#8220; title_text=&#8220;Unknown&#8220; _builder_version=&#8220;4.14.8&#8243; _module_preset=&#8220;default&#8220; hover_enabled=&#8220;0&#8243; global_colors_info=&#8220;{}&#8220; sticky_enabled=&#8220;0&#8243;][\/et_pb_image][\/et_pb_column][\/et_pb_row][\/et_pb_section][et_pb_section fb_built=&#8220;1&#8243; _builder_version=&#8220;4.14.8&#8243; _module_preset=&#8220;default&#8220; global_colors_info=&#8220;{}&#8220;][et_pb_row column_structure=&#8220;2_5,3_5&#8243; _builder_version=&#8220;4.14.8&#8243; _module_preset=&#8220;default&#8220; global_colors_info=&#8220;{}&#8220;][et_pb_column type=&#8220;2_5&#8243; _builder_version=&#8220;4.14.8&#8243; _module_preset=&#8220;default&#8220; global_colors_info=&#8220;{}&#8220;][et_pb_text _builder_version=&#8220;4.14.8&#8243; _module_preset=&#8220;default&#8220; global_colors_info=&#8220;{}&#8220;]<\/p>\n<p>Anl\u00e4sslich unseres diesj\u00e4hrigen Erntefestes zum 125-j\u00e4hrigen Jubil\u00e4um feierten wir am 24. August einen Gottesdienst, der von von der Pr\u00e4dikativ Margot Seidel aus K\u00f6ln gestaltet wurde ( Schwester unserer diesj\u00e4hrigen Erntemutter Erika Franze) in der Filialkirche St. Josef Hetzenholz. Die Kollekte wurde auf Wunsch unseres Erntepaares Erika und Bernd Franze f\u00fcr das Projekt Herz und H\u00e4nde in Much gesammelt. Der Ernteverein Markelsbach rundete die Kollekte auf, und so konnte am 8. Oktober von unserem Jubil\u00e4ums Erntepaar und dem 1. Vorsitzendem Karl Heinz Schmidt 200 Euro an eine der Organisatorinnen von Herz und H\u00e4nde an K\u00e4te Joch \u00fcberreicht werden.<span class=\"Apple-converted-space\">\u00a0<\/span><\/p>\n<p>F\u00fcr den Ernteverein Karl Heinz Schmidt<\/p>\n<p>[\/et_pb_text][\/et_pb_column][et_pb_column type=&#8220;3_5&#8243; _builder_version=&#8220;4.14.8&#8243; _module_preset=&#8220;default&#8220; global_colors_info=&#8220;{}&#8220;][et_pb_image src=&#8220;http:\/\/ernteverein-markelsbach.de\/wp-content\/uploads\/2025\/10\/01_HerzHaende.jpg&#8220; title_text=&#8220;01_Herz&#038;H\u00e4nde&#8220; _builder_version=&#8220;4.14.8&#8243; _module_preset=&#8220;default&#8220; global_colors_info=&#8220;{}&#8220;][\/et_pb_image][\/et_pb_column][\/et_pb_row][\/et_pb_section]<\/p>\n","protected":false},"excerpt":{"rendered":"<p>Erntefest in Markelsbach am 21. und 23. August Schon seit einer Woche dreht sich die Kuh im Kreisel, jetzt ist es bald soweit, Markelsbach er\u00f6ffnet den Reigen der Erntefeste in Much und Umgebung am Freitag mit seiner Q-Party und am Sonntag mit dem Festkommers und anschlie\u00dfenden Familientag.\u00a0 Los geht\u00b4s am Sonntag den 23. August um [&hellip;]<\/p>\n","protected":false},"author":1,"featured_media":0,"parent":0,"menu_order":0,"comment_status":"closed","ping_status":"closed","template":"","meta":{"_et_pb_use_builder":"on","_et_pb_old_content":"","_et_gb_content_width":"","footnotes":""},"class_list":["post-1162","page","type-page","status-publish","hentry"],"_links":{"self":[{"href":"https:\/\/ernteverein-markelsbach.de\/index.php?rest_route=\/wp\/v2\/pages\/1162","targetHints":{"allow":["GET"]}}],"collection":[{"href":"https:\/\/ernteverein-markelsbach.de\/index.php?rest_route=\/wp\/v2\/pages"}],"about":[{"href":"https:\/\/ernteverein-markelsbach.de\/index.php?rest_route=\/wp\/v2\/types\/page"}],"author":[{"embeddable":true,"href":"https:\/\/ernteverein-markelsbach.de\/index.php?rest_route=\/wp\/v2\/users\/1"}],"replies":[{"embeddable":true,"href":"https:\/\/ernteverein-markelsbach.de\/index.php?rest_route=%2Fwp%2Fv2%2Fcomments&post=1162"}],"version-history":[{"count":152,"href":"https:\/\/ernteverein-markelsbach.de\/index.php?rest_route=\/wp\/v2\/pages\/1162\/revisions"}],"predecessor-version":[{"id":3844,"href":"https:\/\/ernteverein-markelsbach.de\/index.php?rest_route=\/wp\/v2\/pages\/1162\/revisions\/3844"}],"wp:attachment":[{"href":"https:\/\/ernteverein-markelsbach.de\/index.php?rest_route=%2Fwp%2Fv2%2Fmedia&parent=1162"}],"curies":[{"name":"wp","href":"https:\/\/api.w.org\/{rel}","templated":true}]}}

<p>[et_pb_section fb_built=&#8220;1&#8243; fullwidth=&#8220;on&#8220; custom_padding_last_edited=&#8220;on|desktop&#8220; _builder_version=&#8220;3.22&#8243; custom_padding_tablet=&#8220;50px|0|50px|0&#8243; custom_padding_phone=&#8220;&#8220; transparent_background=&#8220;off&#8220; padding_mobile=&#8220;off&#8220; make_fullwidth=&#8220;off&#8220; use_custom_width=&#8220;off&#8220; width_unit=&#8220;on&#8220; global_colors_info=&#8220;{}&#8220;][et_pb_fullwidth_image _builder_version=&#8220;4.14.8&#8243; _module_preset=&#8220;default&#8220; global_colors_info=&#8220;{}&#8220;][/et_pb_fullwidth_image][/et_pb_section][et_pb_section fb_built=&#8220;1&#8243; _builder_version=&#8220;4.14.8&#8243; _module_preset=&#8220;default&#8220; global_colors_info=&#8220;{}&#8220;][et_pb_row column_structure=&#8220;1_2,1_2&#8243; _builder_version=&#8220;4.14.8&#8243; _module_preset=&#8220;default&#8220; global_colors_info=&#8220;{}&#8220;][et_pb_column type=&#8220;1_2&#8243; _builder_version=&#8220;4.14.8&#8243; _module_preset=&#8220;default&#8220; global_colors_info=&#8220;{}&#8220;][et_pb_text _builder_version=&#8220;4.14.8&#8243; _module_preset=&#8220;default&#8220; hover_enabled=&#8220;0&#8243; global_colors_info=&#8220;{}&#8220; sticky_enabled=&#8220;0&#8243;]</p>
<h2><strong><span style="color: #808080;">Erntefest in Markelsbach am 21. und 23. August</span></strong></h2>
<p>Schon seit einer Woche dreht sich die Kuh im Kreisel, jetzt ist es bald soweit, Markelsbach eröffnet den Reigen der Erntefeste in Much und Umgebung am Freitag mit seiner Q-Party und am Sonntag mit dem Festkommers und anschließenden Familientag.<span class="Apple-converted-space"> </span></p>
<p>Los geht´s am Sonntag den 23. August um 10 Uhr mit dem Gottesdienst, ab 11 Uhr beginnt der Festkommers und gegen 14 Uhr startet der Familientag mit einem bunten Programm. Auch für die Kinder gibt es jede Menge Spiel und Spaß. Neben einer Hüpfburg, einem Spielemobil, Popcorn und Kinderschminken wird vor allem eine Clownin die Kinder wieder verzaubern und sie bringt diesmal auch ein Kasperletheater mit.</p>
<p>Es wird auch einige Ehrungen geben. Hervorzuheben ist die Ehrung von 8 Frauen, die vor 25 Jahren die Gelegenheit ergriffen endlich Mitglied im Ernteverein werden zu dürfen. Davor war das nicht möglich, obwohl ihre Mithilfe immer gerne angenommen wurde.</p>
<p>Für den Vorstand</p>
<p>Sabine vom Scheidt</p>
<p>[/et_pb_text][/et_pb_column][et_pb_column type=&#8220;1_2&#8243; _builder_version=&#8220;4.14.8&#8243; _module_preset=&#8220;default&#8220; global_colors_info=&#8220;{}&#8220;][et_pb_image src=&#8220;http://ernteverein-markelsbach.de/wp-content/uploads/2026/08/Unknown.jpeg&#8220; title_text=&#8220;Unknown&#8220; _builder_version=&#8220;4.14.8&#8243; _module_preset=&#8220;default&#8220; hover_enabled=&#8220;0&#8243; global_colors_info=&#8220;{}&#8220; sticky_enabled=&#8220;0&#8243;][/et_pb_image][/et_pb_column][/et_pb_row][/et_pb_section][et_pb_section fb_built=&#8220;1&#8243; _builder_version=&#8220;4.14.8&#8243; _module_preset=&#8220;default&#8220; global_colors_info=&#8220;{}&#8220;][et_pb_row column_structure=&#8220;2_5,3_5&#8243; _builder_version=&#8220;4.14.8&#8243; _module_preset=&#8220;default&#8220; global_colors_info=&#8220;{}&#8220;][et_pb_column type=&#8220;2_5&#8243; _builder_version=&#8220;4.14.8&#8243; _module_preset=&#8220;default&#8220; global_colors_info=&#8220;{}&#8220;][et_pb_text _builder_version=&#8220;4.14.8&#8243; _module_preset=&#8220;default&#8220; global_colors_info=&#8220;{}&#8220;]</p>
<p>Anlässlich unseres diesjährigen Erntefestes zum 125-jährigen Jubiläum feierten wir am 24. August einen Gottesdienst, der von von der Prädikativ Margot Seidel aus Köln gestaltet wurde ( Schwester unserer diesjährigen Erntemutter Erika Franze) in der Filialkirche St. Josef Hetzenholz. Die Kollekte wurde auf Wunsch unseres Erntepaares Erika und Bernd Franze für das Projekt Herz und Hände in Much gesammelt. Der Ernteverein Markelsbach rundete die Kollekte auf, und so konnte am 8. Oktober von unserem Jubiläums Erntepaar und dem 1. Vorsitzendem Karl Heinz Schmidt 200 Euro an eine der Organisatorinnen von Herz und Hände an Käte Joch überreicht werden.<span class="Apple-converted-space"> </span></p>
<p>Für den Ernteverein Karl Heinz Schmidt</p>
<p>[/et_pb_text][/et_pb_column][et_pb_column type=&#8220;3_5&#8243; _builder_version=&#8220;4.14.8&#8243; _module_preset=&#8220;default&#8220; global_colors_info=&#8220;{}&#8220;][et_pb_image src=&#8220;http://ernteverein-markelsbach.de/wp-content/uploads/2025/10/01_HerzHaende.jpg&#8220; title_text=&#8220;01_Herz&#038;Hände&#8220; _builder_version=&#8220;4.14.8&#8243; _module_preset=&#8220;default&#8220; global_colors_info=&#8220;{}&#8220;][/et_pb_image][/et_pb_column][/et_pb_row][/et_pb_section]</p>

<p>Erntefest in Markelsbach am 21. und 23. August Schon seit einer Woche dreht sich die Kuh im Kreisel, jetzt ist es bald soweit, Markelsbach eröffnet den Reigen der Erntefeste in Much und Umgebung am Freitag mit seiner Q-Party und am Sonntag mit dem Festkommers und anschließenden Familientag.  Los geht´s am Sonntag den 23. August um [&hellip;]</p>
